{"id":53,"date":"2025-08-29T10:33:39","date_gmt":"2025-08-29T10:33:39","guid":{"rendered":"http:\/\/www.lesroutesdelesperance.fr\/?post_type=product&#038;p=53"},"modified":"2025-09-10T09:06:44","modified_gmt":"2025-09-10T09:06:44","slug":"membre-actif","status":"publish","type":"product","link":"https:\/\/www.lesroutesdelesperance.fr\/index.php\/product\/membre-actif\/","title":{"rendered":"MEMBRE ACTIF"},"content":{"rendered":"<p>Peut devenir membre actif toute personne poss\u00e9dant un v\u00e9hicule d&rsquo;exception de plus de 25 ans, et sous r\u00e9serve expresse d&rsquo;\u00eatre titulaire d&rsquo;un permis de conduire en cours de validit\u00e9 et adapt\u00e9 au v\u00e9hicule, de m\u00eame que de la souscription d&rsquo;un contrat d&rsquo;assurance auto\/moto.<\/p>\n<p>Dur\u00e9e de validit\u00e9 de l&rsquo;adh\u00e9sion : 1 an<\/p>\n","protected":false},"excerpt":{"rendered":"<p>Peut devenir membre actif toute personne poss\u00e9dant un v\u00e9hicule d&rsquo;exception de plus de 25 ans, et sous r\u00e9serve expresse d&rsquo;\u00eatre titulaire d&rsquo;un permis de conduire en cours de validit\u00e9 et adapt\u00e9 au v\u00e9hicule, de m\u00eame que de la souscription d&rsquo;un [&hellip;]<\/p>\n","protected":false},"featured_media":105,"template":"","meta":[],"product_brand":[],"product_cat":[21],"product_tag":[],"class_list":{"0":"post-53","1":"product","2":"type-product","3":"status-publish","4":"has-post-thumbnail","6":"product_cat-adhesion","8":"first","9":"instock","10":"featured","11":"virtual","12":"purchasable","13":"product-type-simple"},"_links":{"self":[{"href":"https:\/\/www.lesroutesdelesperance.fr\/index.php\/wp-json\/wp\/v2\/product\/53","targetHints":{"allow":["GET"]}}],"collection":[{"href":"https:\/\/www.lesroutesdelesperance.fr\/index.php\/wp-json\/wp\/v2\/product"}],"about":[{"href":"https:\/\/www.lesroutesdelesperance.fr\/index.php\/wp-json\/wp\/v2\/types\/product"}],"wp:featuredmedia":[{"embeddable":true,"href":"https:\/\/www.lesroutesdelesperance.fr\/index.php\/wp-json\/wp\/v2\/media\/105"}],"wp:attachment":[{"href":"https:\/\/www.lesroutesdelesperance.fr\/index.php\/wp-json\/wp\/v2\/media?parent=53"}],"wp:term":[{"taxonomy":"product_brand","embeddable":true,"href":"https:\/\/www.lesroutesdelesperance.fr\/index.php\/wp-json\/wp\/v2\/product_brand?post=53"},{"taxonomy":"product_cat","embeddable":true,"href":"https:\/\/www.lesroutesdelesperance.fr\/index.php\/wp-json\/wp\/v2\/product_cat?post=53"},{"taxonomy":"product_tag","embeddable":true,"href":"https:\/\/www.lesroutesdelesperance.fr\/index.php\/wp-json\/wp\/v2\/product_tag?post=53"}],"curies":[{"name":"wp","href":"https:\/\/api.w.org\/{rel}","templated":true}]}}